{"id":1074,"date":"2020-09-10T09:22:43","date_gmt":"2020-09-10T07:22:43","guid":{"rendered":"http:\/\/pommetal.pl\/?page_id=1074"},"modified":"2020-09-10T09:30:48","modified_gmt":"2020-09-10T07:30:48","slug":"strona-glowna-2","status":"publish","type":"page","link":"https:\/\/pommetal.pl\/","title":{"rendered":"Strona g\u0142\u00f3wna"},"content":{"rendered":"[et_pb_section fb_built=&#8221;1&#8243; fullwidth=&#8221;on&#8221; _builder_version=&#8221;4.6.1&#8243;][et_pb_fullwidth_slider show_arrows=&#8221;off&#8221; module_class=&#8221;myslider&#8221; _builder_version=&#8221;4.6.1&#8243; animation_style=&#8221;fade&#8221; auto=&#8221;on&#8221; auto_speed=&#8221;4000&#8243; auto_ignore_hover=&#8221;on&#8221; button_text_size__hover_enabled=&#8221;off&#8221; button_one_text_size__hover_enabled=&#8221;off&#8221; button_two_text_size__hover_enabled=&#8221;off&#8221; button_text_color__hover_enabled=&#8221;off&#8221; button_one_text_color__hover_enabled=&#8221;off&#8221; button_two_text_color__hover_enabled=&#8221;off&#8221; button_border_width__hover_enabled=&#8221;off&#8221; button_one_border_width__hover_enabled=&#8221;off&#8221; button_two_border_width__hover_enabled=&#8221;off&#8221; button_border_color__hover_enabled=&#8221;off&#8221; button_one_border_color__hover_enabled=&#8221;off&#8221; button_two_border_color__hover_enabled=&#8221;off&#8221; button_border_radius__hover_enabled=&#8221;off&#8221; button_one_border_radius__hover_enabled=&#8221;off&#8221; button_two_border_radius__hover_enabled=&#8221;off&#8221; button_letter_spacing__hover_enabled=&#8221;off&#8221; button_one_letter_spacing__hover_enabled=&#8221;off&#8221; button_two_letter_spacing__hover_enabled=&#8221;off&#8221; button_bg_color__hover_enabled=&#8221;off&#8221; button_one_bg_color__hover_enabled=&#8221;off&#8221; button_two_bg_color__hover_enabled=&#8221;off&#8221;][et_pb_slide use_bg_overlay=&#8221;off&#8221; use_text_overlay=&#8221;off&#8221; _builder_version=&#8221;4.6.1&#8243; header_level=&#8221;h1&#8243; background_color=&#8221;#ffffff&#8221; background_image=&#8221;https:\/\/pommetal.pl\/wp-content\/uploads\/2020\/09\/DSC00651.jpg&#8221; background_enable_image=&#8221;on&#8221; button_on_hover=&#8221;on&#8221; button_text_size__hover_enabled=&#8221;off&#8221; button_one_text_size__hover_enabled=&#8221;off&#8221; button_two_text_size__hover_enabled=&#8221;off&#8221; button_text_color__hover_enabled=&#8221;off&#8221; button_one_text_color__hover_enabled=&#8221;off&#8221; button_two_text_color__hover_enabled=&#8221;off&#8221; button_border_width__hover_enabled=&#8221;off&#8221; button_one_border_width__hover_enabled=&#8221;off&#8221; button_two_border_width__hover_enabled=&#8221;off&#8221; button_border_color__hover_enabled=&#8221;off&#8221; button_one_border_color__hover_enabled=&#8221;off&#8221; button_two_border_color__hover_enabled=&#8221;off&#8221; button_border_radius__hover_enabled=&#8221;off&#8221; button_one_border_radius__hover_enabled=&#8221;off&#8221; button_two_border_radius__hover_enabled=&#8221;off&#8221; button_letter_spacing__hover_enabled=&#8221;off&#8221; button_one_letter_spacing__hover_enabled=&#8221;off&#8221; button_two_letter_spacing__hover_enabled=&#8221;off&#8221; button_bg_color__hover_enabled=&#8221;off&#8221; button_one_bg_color__hover_enabled=&#8221;off&#8221; button_two_bg_color__hover_enabled=&#8221;off&#8221; sticky_transition=&#8221;on&#8221;][\/et_pb_slide][et_pb_slide use_bg_overlay=&#8221;off&#8221; use_text_overlay=&#8221;off&#8221; _builder_version=&#8221;4.6.1&#8243; header_level=&#8221;h1&#8243; background_color=&#8221;#ffffff&#8221; background_image=&#8221;https:\/\/pommetal.pl\/wp-content\/uploads\/2020\/09\/DSCN0645.jpg&#8221; background_enable_image=&#8221;on&#8221; button_on_hover=&#8221;on&#8221; button_text_size__hover_enabled=&#8221;off&#8221; button_one_text_size__hover_enabled=&#8221;off&#8221; button_two_text_size__hover_enabled=&#8221;off&#8221; button_text_color__hover_enabled=&#8221;off&#8221; button_one_text_color__hover_enabled=&#8221;off&#8221; button_two_text_color__hover_enabled=&#8221;off&#8221; button_border_width__hover_enabled=&#8221;off&#8221; button_one_border_width__hover_enabled=&#8221;off&#8221; button_two_border_width__hover_enabled=&#8221;off&#8221; button_border_color__hover_enabled=&#8221;off&#8221; button_one_border_color__hover_enabled=&#8221;off&#8221; button_two_border_color__hover_enabled=&#8221;off&#8221; button_border_radius__hover_enabled=&#8221;off&#8221; button_one_border_radius__hover_enabled=&#8221;off&#8221; button_two_border_radius__hover_enabled=&#8221;off&#8221; button_letter_spacing__hover_enabled=&#8221;off&#8221; button_one_letter_spacing__hover_enabled=&#8221;off&#8221; button_two_letter_spacing__hover_enabled=&#8221;off&#8221; button_bg_color__hover_enabled=&#8221;off&#8221; button_one_bg_color__hover_enabled=&#8221;off&#8221; button_two_bg_color__hover_enabled=&#8221;off&#8221; sticky_transition=&#8221;on&#8221;][\/et_pb_slide][et_pb_slide use_bg_overlay=&#8221;off&#8221; use_text_overlay=&#8221;off&#8221; _builder_version=&#8221;4.6.1&#8243; header_level=&#8221;h1&#8243; background_color=&#8221;#ffffff&#8221; background_image=&#8221;https:\/\/pommetal.pl\/wp-content\/uploads\/2020\/09\/20150831_084810.jpg&#8221; background_enable_image=&#8221;on&#8221; button_on_hover=&#8221;on&#8221; button_text_size__hover_enabled=&#8221;off&#8221; button_one_text_size__hover_enabled=&#8221;off&#8221; button_two_text_size__hover_enabled=&#8221;off&#8221; button_text_color__hover_enabled=&#8221;off&#8221; button_one_text_color__hover_enabled=&#8221;off&#8221; button_two_text_color__hover_enabled=&#8221;off&#8221; button_border_width__hover_enabled=&#8221;off&#8221; button_one_border_width__hover_enabled=&#8221;off&#8221; button_two_border_width__hover_enabled=&#8221;off&#8221; button_border_color__hover_enabled=&#8221;off&#8221; button_one_border_color__hover_enabled=&#8221;off&#8221; button_two_border_color__hover_enabled=&#8221;off&#8221; button_border_radius__hover_enabled=&#8221;off&#8221; button_one_border_radius__hover_enabled=&#8221;off&#8221; button_two_border_radius__hover_enabled=&#8221;off&#8221; button_letter_spacing__hover_enabled=&#8221;off&#8221; button_one_letter_spacing__hover_enabled=&#8221;off&#8221; button_two_letter_spacing__hover_enabled=&#8221;off&#8221; button_bg_color__hover_enabled=&#8221;off&#8221; button_one_bg_color__hover_enabled=&#8221;off&#8221; button_two_bg_color__hover_enabled=&#8221;off&#8221; sticky_transition=&#8221;on&#8221;][\/et_pb_slide][et_pb_slide use_bg_overlay=&#8221;off&#8221; use_text_overlay=&#8221;off&#8221; _builder_version=&#8221;4.6.1&#8243; header_level=&#8221;h1&#8243; background_color=&#8221;#ffffff&#8221; background_image=&#8221;https:\/\/pommetal.pl\/wp-content\/uploads\/2020\/09\/20150625_114200.jpg&#8221; background_enable_image=&#8221;on&#8221; button_on_hover=&#8221;on&#8221; button_text_size__hover_enabled=&#8221;off&#8221; button_one_text_size__hover_enabled=&#8221;off&#8221; button_two_text_size__hover_enabled=&#8221;off&#8221; button_text_color__hover_enabled=&#8221;off&#8221; button_one_text_color__hover_enabled=&#8221;off&#8221; button_two_text_color__hover_enabled=&#8221;off&#8221; button_border_width__hover_enabled=&#8221;off&#8221; button_one_border_width__hover_enabled=&#8221;off&#8221; button_two_border_width__hover_enabled=&#8221;off&#8221; button_border_color__hover_enabled=&#8221;off&#8221; button_one_border_color__hover_enabled=&#8221;off&#8221; button_two_border_color__hover_enabled=&#8221;off&#8221; button_border_radius__hover_enabled=&#8221;off&#8221; button_one_border_radius__hover_enabled=&#8221;off&#8221; button_two_border_radius__hover_enabled=&#8221;off&#8221; button_letter_spacing__hover_enabled=&#8221;off&#8221; button_one_letter_spacing__hover_enabled=&#8221;off&#8221; button_two_letter_spacing__hover_enabled=&#8221;off&#8221; button_bg_color__hover_enabled=&#8221;off&#8221; button_one_bg_color__hover_enabled=&#8221;off&#8221; button_two_bg_color__hover_enabled=&#8221;off&#8221; sticky_transition=&#8221;on&#8221;][\/et_pb_slide][\/et_pb_fullwidth_slider][\/et_pb_section][et_pb_section fb_built=&#8221;1&#8243; _builder_version=&#8221;3.22&#8243; custom_padding=&#8221;17px|0px|54px|0px&#8221;][et_pb_row column_structure=&#8221;1_2,1_2&#8243; _builder_version=&#8221;3.25&#8243; background_size=&#8221;initial&#8221; background_position=&#8221;top_left&#8221; background_repeat=&#8221;repeat&#8221;][et_pb_column type=&#8221;1_2&#8243; _builder_version=&#8221;3.25&#8243; custom_padding=&#8221;|||&#8221; custom_padding__hover=&#8221;|||&#8221;][et_pb_text _builder_version=&#8221;4.6.1&#8243; hover_enabled=&#8221;0&#8243; sticky_enabled=&#8221;0&#8243;]\n<p><span style=\"font-size: x-large;\">O firmie<\/span><\/p>\n<p>Firma \u201cPOM-Metal\u201d Sp. z o. o. funkcjonuje na rynku od 1994r. Podstawow\u0105 dzia\u0142alno\u015b\u0107 zak\u0142adu stanowi \u015bwiadczenie us\u0142ug w zakresie wykonawstwa, a tak\u017ce monta\u017cu konstrukcji stalowych. Dzi\u0119ki wykwalifikowanej kadrze in\u017cynierskiej i profesjonalnemu oprogramowaniu,<br \/> mo\u017cemy zaoferowa\u0107 naszym klientom opracowanie dokumentacji warsztatowej, wytworzenie oraz dostaw\u0119 i monta\u017c konstrukcji stalowej.<\/p>\n<p>Na chwil\u0119 obecn\u0105 firma zatrudnia 50 os\u00f3b. Opr\u00f3cz wspomnianej ju\u017c kadry in\u017cynierskiej, ksi\u0119gowo-kadrowej, 25 os\u00f3b stanowi\u0105 uprawnieni spawacze wspomagani przez pracownik\u00f3w produkcyjnych: \u015blusarzy, operator\u00f3w maszyn, malarzy.<\/p>\n[\/et_pb_text][\/et_pb_column][et_pb_column type=&#8221;1_2&#8243; _builder_version=&#8221;3.25&#8243; custom_padding=&#8221;|||&#8221; custom_padding__hover=&#8221;|||&#8221;][et_pb_text _builder_version=&#8221;4.6.1&#8243; custom_margin=&#8221;|||0px&#8221; custom_padding=&#8221;|||20px&#8221; border_width_left=&#8221;4px&#8221; border_color_left=&#8221;#e02b20&#8243;]\n<p><span style=\"font-size: x-large;\">Oferta<\/span><\/p>\n<p><span style=\"font-size: 14px;\">Pracownicy maj\u0105 do dyspozycji dobrze wyposa\u017cony park maszyn oraz 4000m2 powierzchni produkcyjnej, <\/span><\/p>\n<p><span style=\"font-size: 14px;\">W halach znajduj\u0105 si\u0119 mi\u0119dzy innymi: 6 suwnic o ud\u017awigu do 10t (4x5t +2x10t), \u015brutownic\u0119 wirnikow\u0105, wypalarki plazmowe CNC, 2 w pe\u0142ni zautomatyzowane roboty spawalnicze, gilotyn\u0119, pras\u0119 kraw\u0119dziow\u0105, spawarki MIG-MAG oraz inne urz\u0105dzenia niezb\u0119dne do produkcji konstrukcji stalowych. Wykwalifikowany, do\u015bwiadczony personel oraz bogate zaplecze techniczne pozwala nam na osi\u0105gni\u0119cie mo\u017cliwo\u015bci produkcyjnych na poziomie oko\u0142o 2000t przerobu rocznie.<\/span><\/p>\n<p style=\"text-align: right;\"><a href=\"https:\/\/pommetal.pl\/index.php\/oferta-2\/\">czytaj wi\u0119cej&#8230;<\/a><\/p>\n[\/et_pb_text][\/et_pb_column][\/et_pb_row][\/et_pb_section]\n","protected":false},"excerpt":{"rendered":"<p>O firmie Firma \u201cPOM-Metal\u201d Sp. z o. o. funkcjonuje na rynku od 1994r. Podstawow\u0105 dzia\u0142alno\u015b\u0107 zak\u0142adu stanowi \u015bwiadczenie us\u0142ug w zakresie wykonawstwa, a tak\u017ce monta\u017cu konstrukcji stalowych. Dzi\u0119ki wykwalifikowanej kadrze in\u017cynierskiej i profesjonalnemu oprogramowaniu, mo\u017cemy zaoferowa\u0107 naszym klientom opracowanie dokumentacji warsztatowej, wytworzenie oraz dostaw\u0119 i monta\u017c konstrukcji stalowej. Na chwil\u0119 obecn\u0105 firma zatrudnia 50 os\u00f3b. [&hellip;]<\/p>\n","protected":false},"author":2,"featured_media":0,"parent":0,"menu_order":0,"comment_status":"closed","ping_status":"closed","template":"","meta":{"_et_pb_use_builder":"on","_et_pb_old_content":"","_et_gb_content_width":"","footnotes":""},"class_list":["post-1074","page","type-page","status-publish","hentry"],"_links":{"self":[{"href":"https:\/\/pommetal.pl\/index.php\/wp-json\/wp\/v2\/pages\/1074","targetHints":{"allow":["GET"]}}],"collection":[{"href":"https:\/\/pommetal.pl\/index.php\/wp-json\/wp\/v2\/pages"}],"about":[{"href":"https:\/\/pommetal.pl\/index.php\/wp-json\/wp\/v2\/types\/page"}],"author":[{"embeddable":true,"href":"https:\/\/pommetal.pl\/index.php\/wp-json\/wp\/v2\/users\/2"}],"replies":[{"embeddable":true,"href":"https:\/\/pommetal.pl\/index.php\/wp-json\/wp\/v2\/comments?post=1074"}],"version-history":[{"count":3,"href":"https:\/\/pommetal.pl\/index.php\/wp-json\/wp\/v2\/pages\/1074\/revisions"}],"predecessor-version":[{"id":1081,"href":"https:\/\/pommetal.pl\/index.php\/wp-json\/wp\/v2\/pages\/1074\/revisions\/1081"}],"wp:attachment":[{"href":"https:\/\/pommetal.pl\/index.php\/wp-json\/wp\/v2\/media?parent=1074"}],"curies":[{"name":"wp","href":"https:\/\/api.w.org\/{rel}","templated":true}]}}